{"id":16,"date":"2020-08-14T20:29:29","date_gmt":"2020-08-14T18:29:29","guid":{"rendered":"https:\/\/test.fwb-borchen.de\/?page_id=16"},"modified":"2020-08-24T11:11:36","modified_gmt":"2020-08-24T09:11:36","slug":"fwb-fuer-familien","status":"publish","type":"page","link":"https:\/\/www.fwb-borchen.de\/?page_id=16","title":{"rendered":"FWB f\u00fcr Familie, Jugend, Senioren und Integration"},"content":{"rendered":"\n<p>Die Menschen und das wohlwollende Miteinander liegen uns besonders am Herzen. Wir richten unseren besonderen Fokus auf die Gesamtheit unserer Gesellschaft \u2013 Familien, Alleinstehende, Kinder, Jugendliche und SeniorInnen.<\/p>\n\n\n\n<h2 class=\"has-white-color has-text-color has-background wp-block-heading\" style=\"background-color:#e84e0f\">Gemeinschaft: Wohlf\u00fchlen und unterst\u00fctzen.<\/h2>\n\n\n\n<p>Wir wollen, dass sich Menschen hier wohlf\u00fchlen und auch Unterst\u00fctzung finden. Zu unseren Zielen geh\u00f6rt die soziale, kulturelle und gesellschaftliche Teilhabe aller Menschen. Ebenso setzen wir und f\u00fcr ein respektvolles Zusammenleben, die entsprechende Toleranz und Willkommenskultur ein. <\/p>\n\n\n\n<p>Wir sehen eine Chance darin, dass Alteingesessene und Neub\u00fcrgerInnen voneinander profitieren und lernen. <\/p>\n\n\n\n<p>Kinder sind ein wichtiger Teil der heutigen und zuk\u00fcnftigen Gesellschaft. Mittlerweile gibt es ein Netz an Zentral\u00adspielpl\u00e4tzen f\u00fcr Kinder bis 14 Jahre, mit dem Park im Westen einen Begegnungsort der Jugend und in den Anlagen des betreuten Wohnens oder im Seniorenzentrum Pl\u00e4tze zur Versorgung unserer SeniorInnen.<\/p>\n\n\n\n<p>Die bestehende Infrastruktur und das Umfeld sind immer wieder an die aktuellen und zuk\u00fcnftigen Bed\u00fcrfnisse anzupassen.<\/p>\n\n\n\n<div class=\"wp-block-group has-black-color has-light-gray-background-color has-text-color has-background\"><div class=\"wp-block-group__inner-container is-layout-flow wp-block-group-is-layout-flow\">\n<h3 class=\"wp-block-heading\">Unsere Ideen \/ Forderungen:<\/h3>\n\n\n\n<ul class=\"wp-block-list\"><li>St\u00e4rkung des Borchenpasses f\u00fcr kinderreiche Familien und finanziell Benachteiligte.<\/li><li>Familienzentrum f\u00fcr Eltern und Kinder mit dem Ziel, die Bedingungen f\u00fcr Familien in Borchen stetig zu verbessern und vertrauensvoller Ansprechpartner zu sein.<\/li><li>Bessere Koordinierung der (Ferien-\/Alltags-) Betreuungsangebote durch einen runden Tisch.<\/li><li>Einrichtung und F\u00f6rderung kultureller und sozialer Netzwerke f\u00fcr Kinder, Jugendliche, usw.<\/li><li>Neub\u00fcrgerInnenfest zur Integration, zum Kennenlernen der Orte, der Angebote und der AnsprechpartnerInnen.<\/li><li>Gestaltung der Ortskerne als attraktive und generationen\u00fcbergreifende Treffpunkte.<\/li><li>Jugendliche als sachkundige B\u00fcrgerInnen im Fachausschuss Schule, Jugend, Kultur und Sport.<\/li><li>Sicherung und F\u00f6rderung des HoTs.<\/li><li>Multikulturelle Veranstaltungen zur Integration und Einbindung neuer Mitb\u00fcrgerInnen.<\/li><li>Vereins- und Sportf\u00f6rderung.<\/li><li>Aufenthaltsorte f\u00fcr Jugendliche schaffen.<\/li><li>Schaffung von Sitzm\u00f6glichkeiten mit Tisch zum offenen, generationen\u00fcbergreifenden Treff.<\/li><li>Unterst\u00fctzung der Tafel, der Schulmaterialienkammer und der Schulf\u00f6rdervereine.<\/li><li>Calisthenics-Anlage zur Sportf\u00f6rderung.<\/li><li>Einbindung der Fl\u00fcchtlingshilfe in den Fachausschuss Schule, Jugend, Kultur und Sport.<\/li><li>F\u00f6rderung von Nachbarschaftsfesten.<\/li><\/ul>\n<\/div><\/div>\n\n\n\n<h2 class=\"has-white-color has-text-color has-background wp-block-heading\" style=\"background-color:#e84e0f\">Bildung in Borchen<\/h2>\n\n\n\n<p>Die weiterf\u00fchrende Schule in Borchen hat in den letzten Jahren sehr viele \u00c4nderungen erfahren d\u00fcr- fen. Dies nicht immer mit der Zustimmung der Eltern und LehrerInnen..<\/p>\n\n\n\n<p>Die Grundschulen in D\u00f6renhagen, Etteln und Alfen standen knapp vor der Schlie\u00dfung, da zu wenige Kinder im Grundschulalter in den Orten lebten.<\/p>\n\n\n\n<p>Da ein Ort erst durch den Zuwachs und Verbleib der Familien lebenswert und vital bleiben kann, ist es \u00e4u\u00dferst wichtig, alle Schulen zu erhalten und zu f\u00f6rdern. Das erfordert flexible und manchmal unkonventionelle Denkweisen, um optimale L\u00f6sungen f\u00fcr die Schulen vor Ort zu finden.<\/p>\n\n\n\n<h3 class=\"wp-block-heading\"><strong>Erfolgsmodell Montessori D\u00f6renhagen.<\/strong><\/h3>\n\n\n\n<p>Mit ihrem Montessori-Konzept hat sich die Grund- schule D\u00f6renhagen als Erfolgsmodell herausgestellt. Mit einem nicht allt\u00e4glichen, jedoch mehrwert- stiftendem Prinzip und engagierten LehrerInnen verzeichnet die Schule hohe Sch\u00fclerInnenzahlen und hat Modellcharackter f\u00fcr die Borchener Schulen..<\/p>\n\n\n\n<p>Die Zertifizierung beispielsweise der Grundschule Alfen oder D\u00f6renhagen als Europaschule w\u00e4re eine&nbsp;gute M\u00f6glichkeit, die Attraktivit\u00e4t der Schulstandorte&nbsp;auf ein noch h\u00f6heres Niveau zu erh\u00f6hen.<\/p>\n\n\n\n<div class=\"wp-block-group has-light-gray-background-color has-background\"><div class=\"wp-block-group__inner-container is-layout-flow wp-block-group-is-layout-flow\">\n<h3 class=\"wp-block-heading\"><strong>Unsere Ideen \/ Forderungen:<\/strong><\/h3>\n\n\n\n<ul class=\"wp-block-list\"><li>Erarbeitung eines Stufenplans zur Sanierung der Schulgeb\u00e4ude auf den heutigen Standard als positives Lernumfeld.<\/li><li>Ausstattung mit digitalen Medien (u. a. White- boards) zur zeitgem\u00e4\u00dfen und zukunftsgerichte- ten Beschulung<\/li><li>Aufbau eines Ger\u00e4teleihpools f\u00fcr sozial\/finanziell&nbsp;schw\u00e4cher gestellte Familien zur Erm\u00f6glichung eines digitalen Unterrichts<\/li><li>h\u00f6here Bezuschussung von Klassenfahrten im Rahmen des BorchenPasses<\/li><li>H\u00f6here Bezuschussung von Ferienangeboten\/ Ferienbetreuungsangeboten im Rahmen des&nbsp;BorchenPasses zur F\u00f6rderung finanziell schlechter&nbsp;gestellter und\/oder kinderreicher Familien<\/li><li>Orts\u00fcbergreifende Angebote zur Ferienbetreuung<\/li><li>Einrichtung eines runden Tisches zur Koordination&nbsp;der Schul- und Kindergartenbetreuung<\/li><li>Ausbau der Grundschule Alfen \/ Kirchborchen zur Europaschule zur F\u00f6rderung des Sprach- angebotes sowie des integrativen, europ\u00e4ischen Gedanken und f\u00fcr Toleranz.<\/li><li>Reduzierung und soziale Anpassung der Betreu- ungskosten f\u00fcr ein familienfreundliches<br>und famlienf\u00f6rderndes Borchen.<\/li><\/ul>\n<\/div><\/div>\n\n\n\n<blockquote class=\"wp-block-quote is-layout-flow wp-block-quote-is-layout-flow\"><p><strong>Europaschulen<\/strong><br>Europaschulen bereiten auf das Leben und Arbei- ten in Europa vor und \u00f6ffnen die Bereitschaft<br>f\u00fcr pers\u00f6nliche Kontakte durch schulische und au\u00dferschulische Aktivit\u00e4ten.<\/p><p><strong>Erweitertes Sprachenangebot<\/strong><\/p><p>Mit einem intensiven Sprachenangebot tragen die Schulen zur besseren Verst\u00e4ndigung, zur Integra- tion und zur F\u00f6rderung des europ\u00e4ischen Gedan- kens bei. Projekte und Wettbewerbe mit Partnerschulen sollen Kontakte unter den Sch\u00fclerInnen gezielt f\u00f6rdern.<\/p><p><strong>Initiativen F\u00fcr Vielfalt und Toleranz<\/strong><\/p><p>Initiativen zum Umgang mit Verschiedenheit und Vielfalt runden das Konzept neben Fortbildungsm\u00f6glichkeiten f\u00fcr die LehrerInnen ab.<\/p><cite>www.europaschule.nrw.de<\/cite><\/blockquote>\n\n\n\n<h2 class=\"has-white-color has-text-color has-background wp-block-heading\" style=\"background-color:#e84e0f\">Wohnfl\u00e4chen und Baugebiete<\/h2>\n\n\n\n<p>In den Baugebieten entstehen H\u00e4user, die noch in 50, oder 100 Jahren genutzt werden. Die Gemeinde ist daher heute schon gefordert, den Bauherren und -frauen Rahmenbedingungen zu schaffen, um mit ihrer Immobilie den Anforderungen des Klimawan- dels gerecht zu werden.<\/p>\n\n\n\n<h3 class=\"wp-block-heading\"><strong>\u00d6kologische Baugebiete mit Modellcharakter.<\/strong><\/h3>\n\n\n\n<p>Borchen hat die Chance mit \u00f6kologischen Bau- gebieten eine Vorbild- und Vorreiterfunktion zu \u00fcbernehmen und zur Attraktivit\u00e4t unserer Heimat beizutragen.<\/p>\n\n\n\n<p>Hinsichtlich der Ansiedlung junger Familie bleibt die Gemeinde damit konkurrenzf\u00e4hig gegen\u00fcber ande- ren St\u00e4dten und Kommunen. Das weitere Wachstum soll organisch, mit m\u00f6glichst geringem Fl\u00e4chenfra\u00df und angepasst an die vorhandenen Strukturen er- folgen, um den Charakter der Orte zu erhalten und weiter zu st\u00e4rken.<\/p>\n\n\n\n<div class=\"wp-block-group has-light-gray-background-color has-background\"><div class=\"wp-block-group__inner-container is-layout-flow wp-block-group-is-layout-flow\">\n<h3 class=\"wp-block-heading\"><strong>Unsere Ideen \/ Forderungen:<\/strong><\/h3>\n\n\n\n<ul class=\"wp-block-list\"><li>Neue Baugebiete sind nach \u00f6kologischen \/ Klima-&nbsp;schutzaspekten zu entwerfen (getrennte Ent-&nbsp;w\u00e4sserung, LED\u00adBeleuchtung, Freifl\u00e4chen, usw.).&nbsp;Klimasch\u00fctzende Ma\u00dfnahmen werden gef\u00f6rdert.<\/li><li>Mit finanziellen Anreizen sollen \u00f6kologische Bau- gebiete entstehen. Die Bauherren und -frauen&nbsp;erhalten anhand eines Punktesystems eine finan- zielle Entlastung beim Grundst\u00fcckspreis.<\/li><li>Um eine sofortige oder zuk\u00fcnftige Nutzung von Photovoltaik und Solarthermie optimal zu nutzen, sind k\u00fcnftig alle neuzubauenden Wohn-&nbsp;geb\u00e4ude \/ Hauptdachfl\u00e4chen konsequent nach&nbsp;S\u00fcden auszurichten.<\/li><li>Die Gemeindeverwaltung tr\u00e4gt mit geeigneter&nbsp;Bepflanzung, Beleuchtung usw. zum Gesamt\u00ad&nbsp;konzept der Wohngebiete bei.<\/li><\/ul>\n<\/div><\/div>\n\n\n\n<h2 class=\"has-white-color has-text-color has-background wp-block-heading\" style=\"background-color:#e84e0f\">Freifl\u00e4chen<\/h2>\n\n\n\n<p>Unbebaute und bebaubare Fl\u00e4chen sind knappes Gut. Daher muss es Ziel sein, diese gem\u00e4\u00df den In- teressen kommenden Generationen zu nutzen, auf die Entwicklungen in der Zukunft auszurichten oder als Freifl\u00e4che zur offenen Nutzung zu bewahren.<\/p>\n\n\n\n<p>Freifl\u00e4chen sind zu erhalten. Unbebaute Gebiete dienen auch innerorts als entzerrende Zonen, zur Naturerfahrung, als Spielfl\u00e4chen, als Treffpunkt f\u00fcr und als Lebensraum f\u00fcr Tiere und Pflanzen.<\/p>\n\n\n\n<div class=\"wp-block-group has-light-gray-background-color has-background\"><div class=\"wp-block-group__inner-container is-layout-flow wp-block-group-is-layout-flow\">\n<h3 class=\"wp-block-heading\"><strong>Unsere Ideen \/ Forderungen:<\/strong><\/h3>\n\n\n\n<ul class=\"wp-block-list\"><li>Der Innenbereich neuer Baugebiete soll \u00fcber mindestens eine Freifl\u00e4che mit Aufenthaltsquali- t\u00e4t f\u00fcr s\u00e4mtliche BewohnerInnen verf\u00fcgen<\/li><li>Teile der Fl\u00e4che werden zur gemeinschaftlichen Nutzung beispielsweise f\u00fcr Blumenwiesen oder den gemeinsamen Obst- und Gem\u00fcseanbau freigegeben.<\/li><\/ul>\n<\/div><\/div>\n\n\n\n<h2 class=\"has-white-color has-text-color has-background wp-block-heading\" style=\"background-color:#e84e0f\">Infrastruktur als Teil der Lebensqualit\u00e4t<\/h2>\n\n\n\n<p>Eine optimal genutzte Infrastruktur zeugt von wohl- durchdachten Konzepten und ihrer Durchf\u00fchrung. Borchen mangelt es nicht unbedingt an Einkaufs- m\u00f6glichkeiten, nicht an Schulen, Kinderg\u00e4rten und Seniorenzentren. In manchen F\u00e4llen sind jedoch Nach-arbeiten n\u00f6tig, da die Gegebenheiten nicht mehr den heutigen Standards entsprechen oder nicht zeitgem\u00e4\u00df sind. In anderen F\u00e4llen wird sich die Infrastruktur infolge der Demographie ver\u00e4ndern.<\/p>\n\n\n\n<h3 class=\"wp-block-heading\"><strong>Discounter und der kleine Laden von nebenan.<\/strong><\/h3>\n\n\n\n<p>Wie Glieder einer Kette reihen sich in Borchen gro\u00dfe Discounter innerhalb eines Radius von 12 Kilometer aneinander. Der kleine Laden von nebenan verliert mehr und mehr an Bedeutung. Korrekturbedarf be- steht weil diese Gesch\u00e4fte immer sozialer Treffpunkt waren und vielfach auch die Vereine unterst\u00fctzen.<\/p>\n\n\n\n<p>Der gewohnte Einzelhandel den wir \u201evon fr\u00fcher\u201c kennen, ist privatwirtschaftlich kaum noch<\/p>\n\n\n\n<p>gewinnbringend umzusetzen. B\u00fcrgerl\u00e4den und Genossenschaften bieten neue Chancen f\u00fcr die Nahversorgung, ebenso wie subventionierte Ein- kaufsm\u00f6glichkeiten. F\u00fcr den Vertrieb von Waren steht neben anderen Kan\u00e4len das Internet zur Ver- f\u00fcgung. Doch auch im Ort k\u00f6nnen Angebote entste- hen, die nahes, pers\u00f6nliches und beziehungsreiches Ein- und Verkaufen weiterhin erm\u00f6glichen.<\/p>\n\n\n\n<h3 class=\"wp-block-heading\"><strong>Gastronomie in Borchen.<\/strong><\/h3>\n\n\n\n<p>Treffpunkt, Austausch- oder Abschiedsort f\u00fcr Be- erdigungen: \u00dcber die Jahre haben viele Gastst\u00e4tten eschlossen und wurden zur\u00fcckgebaut. Mit diesen Schlie\u00dfungen haben die Orte einen ehemals wich- tigen Mittelpunkt verloren, der zum Zusammenhaltbeigetragen, einen Teil des Dorflebens erm\u00f6glicht&nbsp;und auch zur Integration beigetragen hat. Die FWB setzt sich f\u00fcr die Reaktivierung und Neugr\u00fcndungen von Gastst\u00e4tten ein und will unter anderem die Neu-&nbsp;ansiedlung finanziell erleichtern.<\/p>\n\n\n\n<h3 class=\"wp-block-heading\"><strong>Schulgeb\u00e4ude.<\/strong><\/h3>\n\n\n\n<p>Die Borchener Schulgeb\u00e4ude sind zum Teil in die Jahre gekommen. V\u00f6llig \u00fcberalterte Sanit\u00e4ranlagen,&nbsp;schlecht gepflegte Fenster, veraltete Geb\u00e4udeaus- stattungen und schlechte D\u00e4mmungen lassen die Schulen nicht mehr zeitgem\u00e4\u00df erscheinen. Hier gilt es einen Stufenplan zu erarbeiten und die Schulen auf einen angemessenen Standard zu bringen.<\/p>\n\n\n\n<h3 class=\"wp-block-heading\"><strong>Digitalisierung, Internet, Arbeitswelt.<\/strong><\/h3>\n\n\n\n<p>Die fortschreitende Digitalisierung f\u00fchrt zu einem rasanten Wandel der Lebens- und Arbeitswelt. Um auch zuk\u00fcnftig attraktiv zu bleiben, muss Borchen \u00fcber bestm\u00f6gliche Internetanbindungen verf\u00fcgen, digitales Handeln erm\u00f6glichen und damit auch f\u00fcr neue Arbeitskonzepte in Teilzeit, von Zuhause oder auch Co-Working-Spaces offen bleiben.<\/p>\n\n\n\n<div class=\"wp-block-group has-light-gray-background-color has-background\"><div class=\"wp-block-group__inner-container is-layout-flow wp-block-group-is-layout-flow\">\n<h3 class=\"wp-block-heading\"><strong>Unsere Ideen\/ Forderungen:<\/strong><\/h3>\n\n\n\n<ul class=\"wp-block-list\"><li>Die Gemeindeverwaltung betreibt aktives Leer- standsmanagement. Als zentraler Ansprechpart- ner sucht sie zusammen mit Vermietern und Inte- ressenten nach neuen Nutzungsm\u00f6glichkeiten.<\/li><li>Mit Zwischennutzungen, wie z. B. Lesungen werden die Fl\u00e4chen zug\u00e4nglich gemacht. Die Ge- meinde beteiligt sich an Verhandlungen mit dem Ziel neues Leben in die Fl\u00e4chen zu bringen.<\/li><li>Einrichtung eines Gr\u00fcndungsfonds aus B\u00fcrger- geldern, aus dem Existenzgr\u00fcnder Unterst\u00fctzung beziehen k\u00f6nnen.<\/li><li>Bereitstellung einer Anschubfinanzierung f\u00fcr&nbsp;einen Gastronomiebetrieb in Alfen oder verg\u00fcns-&nbsp;tigte Baufl\u00e4chen f\u00fcr Gastrobetriebe.<\/li><li>Aufbau von alternativen Konsumangeboten wie Gebraucht- oder Schenkl\u00e4den oder Self-Sharing. Interessierte k\u00f6nnen sich in diesem Gesch\u00e4ft ein Regalbrett mieten und darauf gebrauchte oder neue Waren anbieten.<\/li><li>Bereitstellung von Anschubfinanzierungen zum&nbsp;Wiederaufbau der Nahversorgung.<\/li><li>Aktualisierung der Homepage der Gemeinde in Bezug auf Gewerbe und Einkaufsm\u00f6glichkeiten.<\/li><li>Erarbeitung eines Stufenplans zur Sanierung der Schulen auf einen zeitgem\u00e4\u00dfen Standard, u. a. der Sanit\u00e4ranlagen Alfen und Kirchborchen.<\/li><\/ul>\n<\/div><\/div>\n\n\n\n<blockquote class=\"wp-block-quote is-layout-flow wp-block-quote-is-layout-flow\"><p><strong>F\u00f6rderung der Einkaufsm\u00f6glichkeiten vor Ort<\/strong><\/p><p>Deutschlandweit versuchen Kommunen und B\u00fcrg- erInnen auf verschiedenste Weise neue Einkaufs- m\u00f6glichkeiten zu schaffen. In Starnberg wurde zur Verbesserung der Nahversorgung mit Lebensmit- teln der \u201eSt\u00fctzli\u201c ins Leben gerufen. Mit dem Erl\u00f6s aus dem Verkauf dieser Wertm\u00fcnze wurde der Grundstock u. a. f\u00fcr einen Dorfladen zusammen- getragen. Nach Ablauf einer Sperrfrist konnte der<\/p><p>St\u00fctzli dann in einer der damit unterst\u00fctzten Ge- sch\u00e4fte eingel\u00f6st werden.<\/p><p>In anderen Kommunen werden z. B. genossen- schaftliche Dorfl\u00e4den gegr\u00fcndet. Die FWB begr\u00fc\u00dft all diese Bem\u00fchungen und wird sich sowohl f\u00fcr den bestehenden Handel einsetzen als auch neue Nahversorgungsprojekte unterst\u00fctzen.<\/p><\/blockquote>\n","protected":false},"excerpt":{"rendered":"<p>Die Menschen und das wohlwollende Miteinander liegen uns besonders am Herzen. Wir richten unseren besonderen Fokus auf die Gesamtheit unserer Gesellschaft \u2013 Familien, Alleinstehende, Kinder, Jugendliche und SeniorInnen. Gemeinschaft: Wohlf\u00fchlen und unterst\u00fctzen. Wir wollen, dass sich Menschen hier wohlf\u00fchlen und<\/p>\n","protected":false},"author":1,"featured_media":0,"parent":2,"menu_order":0,"comment_status":"closed","ping_status":"closed","template":"templates\/template-no-sidebar.php","meta":{"footnotes":""},"class_list":["post-16","page","type-page","status-publish","hentry","comments-off"],"yoast_head":"<!-- This site is optimized with the Yoast SEO plugin v27.5 - https:\/\/yoast.com\/product\/yoast-seo-wordpress\/ -->\n<title>FWB f\u00fcr Familie, Jugend, Senioren und Integration - Weil wir Borchen lieben<\/title>\n<meta name=\"robots\" content=\"index, follow, max-snippet:-1, max-image-preview:large, max-video-preview:-1\" \/>\n<link rel=\"canonical\" href=\"https:\/\/www.fwb-borchen.de\/?page_id=16\" \/>\n<meta property=\"og:locale\" content=\"de_DE\" \/>\n<meta property=\"og:type\" content=\"article\" \/>\n<meta property=\"og:title\" content=\"FWB f\u00fcr Familie, Jugend, Senioren und Integration - Weil wir Borchen lieben\" \/>\n<meta property=\"og:description\" content=\"Die Menschen und das wohlwollende Miteinander liegen uns besonders am Herzen. Wir richten unseren besonderen Fokus auf die Gesamtheit unserer Gesellschaft \u2013 Familien, Alleinstehende, Kinder, Jugendliche und SeniorInnen. Gemeinschaft: Wohlf\u00fchlen und unterst\u00fctzen. Wir wollen, dass sich Menschen hier wohlf\u00fchlen und\" \/>\n<meta property=\"og:url\" content=\"https:\/\/www.fwb-borchen.de\/?page_id=16\" \/>\n<meta property=\"og:site_name\" content=\"Weil wir Borchen lieben\" \/>\n<meta property=\"article:publisher\" content=\"https:\/\/www.facebook.com\/fwbborchen\" \/>\n<meta property=\"article:modified_time\" content=\"2020-08-24T09:11:36+00:00\" \/>\n<meta name=\"twitter:card\" content=\"summary_large_image\" \/>\n<meta name=\"twitter:label1\" content=\"Gesch\u00e4tzte Lesezeit\" \/>\n\t<meta name=\"twitter:data1\" content=\"9\u00a0Minuten\" \/>\n<script type=\"application\/ld+json\" class=\"yoast-schema-graph\">{\"@context\":\"https:\\\/\\\/schema.org\",\"@graph\":[{\"@type\":\"WebPage\",\"@id\":\"https:\\\/\\\/www.fwb-borchen.de\\\/?page_id=16\",\"url\":\"https:\\\/\\\/www.fwb-borchen.de\\\/?page_id=16\",\"name\":\"FWB f\u00fcr Familie, Jugend, Senioren und Integration - Weil wir Borchen lieben\",\"isPartOf\":{\"@id\":\"https:\\\/\\\/www.fwb-borchen.de\\\/#website\"},\"datePublished\":\"2020-08-14T18:29:29+00:00\",\"dateModified\":\"2020-08-24T09:11:36+00:00\",\"breadcrumb\":{\"@id\":\"https:\\\/\\\/www.fwb-borchen.de\\\/?page_id=16#breadcrumb\"},\"inLanguage\":\"de\",\"potentialAction\":[{\"@type\":\"ReadAction\",\"target\":[\"https:\\\/\\\/www.fwb-borchen.de\\\/?page_id=16\"]}]},{\"@type\":\"BreadcrumbList\",\"@id\":\"https:\\\/\\\/www.fwb-borchen.de\\\/?page_id=16#breadcrumb\",\"itemListElement\":[{\"@type\":\"ListItem\",\"position\":1,\"name\":\"Startseite\",\"item\":\"https:\\\/\\\/www.fwb-borchen.de\\\/\"},{\"@type\":\"ListItem\",\"position\":2,\"name\":\"Unser Programm\",\"item\":\"https:\\\/\\\/www.fwb-borchen.de\\\/?page_id=2\"},{\"@type\":\"ListItem\",\"position\":3,\"name\":\"FWB f\u00fcr Familie, Jugend, Senioren und Integration\"}]},{\"@type\":\"WebSite\",\"@id\":\"https:\\\/\\\/www.fwb-borchen.de\\\/#website\",\"url\":\"https:\\\/\\\/www.fwb-borchen.de\\\/\",\"name\":\"Weil wir Borchen lieben\",\"description\":\"\",\"publisher\":{\"@id\":\"https:\\\/\\\/www.fwb-borchen.de\\\/#organization\"},\"potentialAction\":[{\"@type\":\"SearchAction\",\"target\":{\"@type\":\"EntryPoint\",\"urlTemplate\":\"https:\\\/\\\/www.fwb-borchen.de\\\/?s={search_term_string}\"},\"query-input\":{\"@type\":\"PropertyValueSpecification\",\"valueRequired\":true,\"valueName\":\"search_term_string\"}}],\"inLanguage\":\"de\"},{\"@type\":\"Organization\",\"@id\":\"https:\\\/\\\/www.fwb-borchen.de\\\/#organization\",\"name\":\"Freie W\u00e4hlergemeinschaft Borchen e. V.\",\"url\":\"https:\\\/\\\/www.fwb-borchen.de\\\/\",\"logo\":{\"@type\":\"ImageObject\",\"inLanguage\":\"de\",\"@id\":\"https:\\\/\\\/www.fwb-borchen.de\\\/#\\\/schema\\\/logo\\\/image\\\/\",\"url\":\"https:\\\/\\\/i0.wp.com\\\/www.fwb-borchen.de\\\/wp-content\\\/uploads\\\/2020\\\/09\\\/2020_fwb_logo.jpg?fit=176%2C65&ssl=1\",\"contentUrl\":\"https:\\\/\\\/i0.wp.com\\\/www.fwb-borchen.de\\\/wp-content\\\/uploads\\\/2020\\\/09\\\/2020_fwb_logo.jpg?fit=176%2C65&ssl=1\",\"width\":176,\"height\":65,\"caption\":\"Freie W\u00e4hlergemeinschaft Borchen e. V.\"},\"image\":{\"@id\":\"https:\\\/\\\/www.fwb-borchen.de\\\/#\\\/schema\\\/logo\\\/image\\\/\"},\"sameAs\":[\"https:\\\/\\\/www.facebook.com\\\/fwbborchen\"]}]}<\/script>\n<!-- \/ Yoast SEO plugin. -->","yoast_head_json":{"title":"FWB f\u00fcr Familie, Jugend, Senioren und Integration - Weil wir Borchen lieben","robots":{"index":"index","follow":"follow","max-snippet":"max-snippet:-1","max-image-preview":"max-image-preview:large","max-video-preview":"max-video-preview:-1"},"canonical":"https:\/\/www.fwb-borchen.de\/?page_id=16","og_locale":"de_DE","og_type":"article","og_title":"FWB f\u00fcr Familie, Jugend, Senioren und Integration - Weil wir Borchen lieben","og_description":"Die Menschen und das wohlwollende Miteinander liegen uns besonders am Herzen. Wir richten unseren besonderen Fokus auf die Gesamtheit unserer Gesellschaft \u2013 Familien, Alleinstehende, Kinder, Jugendliche und SeniorInnen. Gemeinschaft: Wohlf\u00fchlen und unterst\u00fctzen. Wir wollen, dass sich Menschen hier wohlf\u00fchlen und","og_url":"https:\/\/www.fwb-borchen.de\/?page_id=16","og_site_name":"Weil wir Borchen lieben","article_publisher":"https:\/\/www.facebook.com\/fwbborchen","article_modified_time":"2020-08-24T09:11:36+00:00","twitter_card":"summary_large_image","twitter_misc":{"Gesch\u00e4tzte Lesezeit":"9\u00a0Minuten"},"schema":{"@context":"https:\/\/schema.org","@graph":[{"@type":"WebPage","@id":"https:\/\/www.fwb-borchen.de\/?page_id=16","url":"https:\/\/www.fwb-borchen.de\/?page_id=16","name":"FWB f\u00fcr Familie, Jugend, Senioren und Integration - Weil wir Borchen lieben","isPartOf":{"@id":"https:\/\/www.fwb-borchen.de\/#website"},"datePublished":"2020-08-14T18:29:29+00:00","dateModified":"2020-08-24T09:11:36+00:00","breadcrumb":{"@id":"https:\/\/www.fwb-borchen.de\/?page_id=16#breadcrumb"},"inLanguage":"de","potentialAction":[{"@type":"ReadAction","target":["https:\/\/www.fwb-borchen.de\/?page_id=16"]}]},{"@type":"BreadcrumbList","@id":"https:\/\/www.fwb-borchen.de\/?page_id=16#breadcrumb","itemListElement":[{"@type":"ListItem","position":1,"name":"Startseite","item":"https:\/\/www.fwb-borchen.de\/"},{"@type":"ListItem","position":2,"name":"Unser Programm","item":"https:\/\/www.fwb-borchen.de\/?page_id=2"},{"@type":"ListItem","position":3,"name":"FWB f\u00fcr Familie, Jugend, Senioren und Integration"}]},{"@type":"WebSite","@id":"https:\/\/www.fwb-borchen.de\/#website","url":"https:\/\/www.fwb-borchen.de\/","name":"Weil wir Borchen lieben","description":"","publisher":{"@id":"https:\/\/www.fwb-borchen.de\/#organization"},"potentialAction":[{"@type":"SearchAction","target":{"@type":"EntryPoint","urlTemplate":"https:\/\/www.fwb-borchen.de\/?s={search_term_string}"},"query-input":{"@type":"PropertyValueSpecification","valueRequired":true,"valueName":"search_term_string"}}],"inLanguage":"de"},{"@type":"Organization","@id":"https:\/\/www.fwb-borchen.de\/#organization","name":"Freie W\u00e4hlergemeinschaft Borchen e. V.","url":"https:\/\/www.fwb-borchen.de\/","logo":{"@type":"ImageObject","inLanguage":"de","@id":"https:\/\/www.fwb-borchen.de\/#\/schema\/logo\/image\/","url":"https:\/\/i0.wp.com\/www.fwb-borchen.de\/wp-content\/uploads\/2020\/09\/2020_fwb_logo.jpg?fit=176%2C65&ssl=1","contentUrl":"https:\/\/i0.wp.com\/www.fwb-borchen.de\/wp-content\/uploads\/2020\/09\/2020_fwb_logo.jpg?fit=176%2C65&ssl=1","width":176,"height":65,"caption":"Freie W\u00e4hlergemeinschaft Borchen e. V."},"image":{"@id":"https:\/\/www.fwb-borchen.de\/#\/schema\/logo\/image\/"},"sameAs":["https:\/\/www.facebook.com\/fwbborchen"]}]}},"jetpack_sharing_enabled":true,"_links":{"self":[{"href":"https:\/\/www.fwb-borchen.de\/index.php?rest_route=\/wp\/v2\/pages\/16","targetHints":{"allow":["GET"]}}],"collection":[{"href":"https:\/\/www.fwb-borchen.de\/index.php?rest_route=\/wp\/v2\/pages"}],"about":[{"href":"https:\/\/www.fwb-borchen.de\/index.php?rest_route=\/wp\/v2\/types\/page"}],"author":[{"embeddable":true,"href":"https:\/\/www.fwb-borchen.de\/index.php?rest_route=\/wp\/v2\/users\/1"}],"replies":[{"embeddable":true,"href":"https:\/\/www.fwb-borchen.de\/index.php?rest_route=%2Fwp%2Fv2%2Fcomments&post=16"}],"version-history":[{"count":10,"href":"https:\/\/www.fwb-borchen.de\/index.php?rest_route=\/wp\/v2\/pages\/16\/revisions"}],"predecessor-version":[{"id":178,"href":"https:\/\/www.fwb-borchen.de\/index.php?rest_route=\/wp\/v2\/pages\/16\/revisions\/178"}],"up":[{"embeddable":true,"href":"https:\/\/www.fwb-borchen.de\/index.php?rest_route=\/wp\/v2\/pages\/2"}],"wp:attachment":[{"href":"https:\/\/www.fwb-borchen.de\/index.php?rest_route=%2Fwp%2Fv2%2Fmedia&parent=16"}],"curies":[{"name":"wp","href":"https:\/\/api.w.org\/{rel}","templated":true}]}}